 is divided by 7.
4
Calculate the remainder when 17805820 is divided by 2931.
2926
Calculate the remainder when 3539106 is divided by 884766.
42
Calculate the remainder when 1220646 is divided by 1184.
1126
What is the remainder when 8461 is divided by 1655?
186
Calculate the remainder when 440027 is divided by 241.
202
Calculate the remainder when 32216749 is divided by 10316.
10197
What is the remainder when 39998 is divided by 3318?
182
What is the remainder when 3620463 is divided by 641?
95
What is the remainder when 7168143 is divided by 1056?
15
What is the remainder when 28945535 is divided by 172?
171
What is the remainder when 25014 is divided by 2743?
327
What is the remainder when 3733680 is divided by 244?
236
What is the remainder when 203843 is divided by 1468?
1259
What is the remainder when 17357146 is divided by 4339284?
10
Calculate the remainder when 13845 is divided by 402.
177
Calculate the remainder when 483482 is divided by 241647.
188
Calculate the remainder when 661132 is divided by 220377.
1
What is the remainder when 162901 is divided by 44?
13
Calculate the remainder when 4555098 is divided by 99017.
316
What is the remainder when 4385863 is divided by 19?
17
Calculate the remainder when 1275844 is divided by 159435.
364
What is the remainder when 14597206 is divided by 667?
578
Calculate the remainder when 1437681 is divided by 488.
33
What is the remainder when 14378 is divided by 1800?
1778
Calculate the remainder when 1326348 is divided by 442085.
93
Calculate the remainder when 4036063 is divided by 15.
13
What is the remainder when 92112526 is divided by 109?
5
What is the remainder when 17710 is divided by 195?
160
What is the remainder when 9518546 is divided by 81?
74
What is the remainder when 68169 is divided by 610?
459
Calculate the remainder when 17769 is divided by 2161.
481
Calculate the remainder when 2920800 is divided by 61.
59
What is the remainder when 153672 is divided by 394?
12
What is the remainder when 7906767 is divided by 13?
11
Calculate the remainder when 128293013 is divided by 4978.
4975
What is the remainder when 3247903 is divided by 124?
95
Calculate the remainder when 377080149 is divided by 154922.
1
Calculate the remainder when 42015 is divided by 1455.
1275
Calculate the remainder when 7509043 is divided by 28336.
3
What is the remainder when 56278 is divided by 405?
388
What is the remainder when 150061 is divided by 332?
329
Calculate the remainder when 2819809 is divided by 1001.
993
Calculate the remainder when 2228588 is divided by 79.
77
Calculate the remainder when 10807884 is divided by 298.
20
Calculate the remainder when 4904546 is divided by 45836.
94
Calculate the remainder when 396508 is divided by 26.
8
What is the remainder when 10275875 is divided by 388?
83
Calculate the remainder when 498067 is divided by 249006.
55
Calculate the remainder when 108467 is divided by 51133.
6201
What is the remainder when 571101507 is divided by 359?
358
Calculate the remainder when 325833172 is divided by 6.
4
Calculate the remainder when 58456999 is divided by 980.
979
What is the remainder when 19751249 is divided by 797?
792
Calculate the remainder when 84994180 is divided by 1800.
1780
What is the remainder when 7255334 is divided by 2418442?
8
What is the remainder when 2729531 is divided by 39?
38
What is the remainder when 234721 is divided by 1712?
177
What is the remainder when 3097241 is divided by 147487?
14
Calculate the remainder when 5192923 is divided by 936.
931
Calculate the remainder when 847805 is divided by 1513.
525
Calculate the remainder when 175750 is divided by 17391.
1840
Calculate the remainder when 9550413 is divided by 5999.
5
What is the remainder when 9987114 is divided by 3653?
3465
What is the remainder when 383007 is divided by 29?
4
What is the remainder when 1959240 is divided by 30613?
8
Calculate the remainder when 11968037 is divided by 8452.
5
Calculate the remainder when 63519 is divided by 293.
231
Calculate the remainder when 177823 is divided by 11773.
1228
Calculate the remainder when 8203096 is divided by 109.
83
What is the remainder when 710660 is divided by 3335?
305
Calculate the remainder when 278291 is divided by 6214.
4875
What is the remainder when 7625254 is divided by 2308?
1930
What is the remainder when 68300090 is divided by 396?
386
Calculate the remainder when 1347238 is divided by 149691.
19
What is the remainder when 96336 is divided by 94899?
1437
Calculate the remainder when 1138181 is divided by 11154.
473
What is the remainder when 2875832 is divided by 9457?
904
Calculate the remainder when 1294828 is divided by 8195.
18
Calculate the remainder when 94294 is divided by 45933.
2428
What is the remainder when 92011 is divided by 11486?
123
Calculate the remainder when 106519408 is divided by 730.
728
What is the remainder when 165425318 is divided by 20?
18
Calculate the remainder when 95073 is divided by 2880.
33
Calculate the remainder when 1914891 is divided by 172.
15
Calculate the remainder when 76054 is divided by 76029.
25
What is the remainder when 253811 is divided by 701?
49
What is the remainder when 1356223 is divided by 84760?
63
What is the remainder when 216066 is divided by 10171?
2475
Calculate the remainder when 7226287 is divided by 63.
61
What is the remainder when 50117 is divided by 1570?
1447
What is the remainder when 93156145 is divided by 4265?
15
What is the remainder when 1278923 is divided by 213152?
11
What is the remainder when 660823 is divided by 433?
65
What is the remainder when 50123395 is divided by 84241?
0
Calculate the remainder when 2517814 is divided by 14.
12
Calculate the remainder when 234668353 is divided by 5303.
5300
Calculate the remainder when 1220148 is divided by 11616.
468
Calculate the remainder when 1787322 is divided by 45827.
69
Calculate the remainder when 203763 is divided by 2019.
1863
What is the remainder when 37259 is divided by 7361?
454
What is the remainder when 699181 is divided by 931?
0
Calculate the remainder when 38311 is divided by 1082.
441
Calculate the remainder when 16928376 is divided by 8464108.
160
What is the remainder when 489894 is divided by 1049?
11
Calculate the remainder when 22935673 is divided by 7645224.
1
Calculate the remainder when 19184 is divided by 6199.
587
Calculate the remainder when 3201206 is divided by 339.
29
Calculate the remainder when 205737759 is divided by 93.
90
Calculate the remainder when 3792050 is divided by 470.
90
Calculate the remainder when 223767 is divided by 10286.
7761
What is the remainder when 1029016 is divided by 629?
601
Calculate the remainder when 23145122 is divided by 137.
68
Calculate the remainder when 3313661 is divided by 14470.
31
What is the remainder when 76827644 is divided by 12804600?
44
What is the remainder when 487324 is divided by 512?
412
Calculate the remainder when 44168904 is divided by 87.
48
Calculate the remainder when 1933038 is divided by 9816.
9102
Calculate the remainder when 126914692 is divided by 576.
4
What is the remainder when 830382 is divided by 26785?
47
What is the remainder when 2908203 is divided by 246?
237
Calculate the remainder when 13204733 is divided by 14260.
14233
Calculate the remainder when 5474175 is divided by 1044.
483
Calculate the remainder when 475514138 is divided by 190.
188
Calculate the remainder when 5146040 is divided by 3036.
20
What is the remainder when 113707875 is divided by 62?
61
What is the remainder when 483825 is divided by 125?
75
What is the remainder when 21482995 is divided by 310?
305
Calculate the remainder when 871431 is divided by 546.
15
Calculate the remainder when 19806279 is divided by 235789.
3
Calculate the remainder when 6915 is divided by 3843.
3072
Calculate the remainder when 288383 is divided by 16945.
318
What is the remainder when 2964516 is divided by 35282?
828
What is the remainder when 4161751 is divided by 30?
1
What is the remainder when 1116120 is divided by 1195?
1185
What is the remainder when 14087771 is divided by 12?
11
What is the remainder when 1434877 is divided by 89?
19
Calculate the remainder when 388374 is divided by 97083.
42
Calculate the remainder when 697182087 is divid